{"id":79,"date":"2016-11-30T21:52:40","date_gmt":"2016-11-30T21:52:40","guid":{"rendered":"http:\/\/pp.konsumenci.org\/?page_id=79"},"modified":"2026-01-02T12:00:23","modified_gmt":"2026-01-02T12:00:23","slug":"zapytaj-prawnika","status":"publish","type":"page","link":"http:\/\/konsumenci.org\/porady\/zapytaj-prawnika\/","title":{"rendered":"Za\u0142atw spraw\u0119 z firm\u0105"},"content":{"rendered":"<p><span style=\"color: #ffffff;\">Obecnie nie prowadzimy poradnictwa konsumenckiego. Wi\u0119cej na temat Fundacji Konsument\u00f3w przeczytasz <a href=\"https:\/\/konsumenci.org\/o-nas\">KLIKAJ\u0104C TUTAJ<\/a><\/span><\/p>\n","protected":false},"excerpt":{"rendered":"<p>Obecnie nie prowadzimy poradnictwa konsumenckiego. Wi\u0119cej na temat Fundacji Konsument\u00f3w przeczytasz KLIKAJ\u0104C TUTAJ<\/p>\n","protected":false},"author":1,"featured_media":0,"parent":0,"menu_order":0,"comment_status":"closed","ping_status":"closed","template":"","meta":[],"acf":[],"_links":{"self":[{"href":"http:\/\/konsumenci.org\/porady\/wp-json\/wp\/v2\/pages\/79"}],"collection":[{"href":"http:\/\/konsumenci.org\/porady\/wp-json\/wp\/v2\/pages"}],"about":[{"href":"http:\/\/konsumenci.org\/porady\/wp-json\/wp\/v2\/types\/page"}],"author":[{"embeddable":true,"href":"http:\/\/konsumenci.org\/porady\/wp-json\/wp\/v2\/users\/1"}],"replies":[{"embeddable":true,"href":"http:\/\/konsumenci.org\/porady\/wp-json\/wp\/v2\/comments?post=79"}],"version-history":[{"count":25,"href":"http:\/\/konsumenci.org\/porady\/wp-json\/wp\/v2\/pages\/79\/revisions"}],"predecessor-version":[{"id":226,"href":"http:\/\/konsumenci.org\/porady\/wp-json\/wp\/v2\/pages\/79\/revisions\/226"}],"wp:attachment":[{"href":"http:\/\/konsumenci.org\/porady\/wp-json\/wp\/v2\/media?parent=79"}],"curies":[{"name":"wp","href":"https:\/\/api.w.org\/{rel}","templated":true}]}}